 5 = 0. Suppose u = -7*p + 3*p + 492. What is the highest common factor of 41 and p?
41
Let x(q) = -q**2 + 18*q - 68. Let a be x(9). Let w(b) = -3*b + 70. Let n be w(a). Calculate the greatest common factor of n and 31.
31
Let m = 21 + -4. Let s(u) be the third derivative of 7*u**5/20 - u**3/3 - 5*u**2. Let i be s(3). What is the highest common factor of i and m?
17
Suppose 0*p + 8*p - 152 = 0. Let o = -186 - -281. What is the highest common divisor of o and p?
19
Let a = -128 + 272. What is the highest common divisor of 18 and a?
18
Let v be 1 + -10*22/(-4). Suppose 5*b - 56 = -16. Let l be 0*1/4 + b. Calculate the greatest common factor of l and v.
8
Let z = 1198 + -1186. What is the greatest common divisor of 64 and z?
4
Let u be (6/(-3) + -3)*48/(-60)*8. Suppose b + 0 = w + 2, 4*w = 2*b. What is the highest common divisor of b and u?
4
Let i(a) be the first derivative of -a**3/3 + a + 13. Let y be i(0). Calculate the highest common divisor of 1 and y.
1
Let g(q) = 2*q**2 + q - 3. Let b be g(-3). Let o be (b + -6)*(-2)/(-3). Let f be 2/o*2 - -6. What is the greatest common divisor of 7 and f?
7
Let s(u) = -5*u + 22. Let f be s(-3). Let g = f + -20. Calculate the greatest common divisor of g and 34.
17
Let p(j) = -78*j - 1. Let t be p(-1). Let a be 258/(-10) + (-52)/(-65). Let x = a - -32. Calculate the greatest common divisor of t and x.
7
Let u(h) = 60*h**2 - 42*h + 152. Let a be u(6). What is the greatest common factor of 20 and a?
20
Suppose -18*f + 17*f = -8. What is the highest common factor of 20 and f?
4
Let n be ((-6)/8)/(1/8). Let f = n + 10. Suppose f*c + 600 = 9*c. Calculate the greatest common divisor of 15 and c.
15
Let q = -164 - -290. Calculate the highest common divisor of q and 14.
14
Suppose q + v - 6 = 2*v, 0 = 4*q - 3*v - 22. Suppose 8 = q*g - 3*g. Calculate the greatest common divisor of g and 24.
8
Suppose -4*c = 5*b - 6*b, -5*c = -4*b. Suppose -5*w + 5 + 10 = 0. Suppose b = -x - 3*a + 12, -2 = -5*a + w. What is the greatest common factor of x and 3?
3
Suppose -5*x - 39 = 5*i + 151, i - 4*x = -63. Let g = 46 + i. Calculate the greatest common divisor of 24 and g.
3
Let u = 1975 + -1951. Let r = 0 + 6. What is the highest common factor of r and u?
6
Let k(p) = -2*p**2 - 14*p - 4. Let l be k(-6). Calculate the highest common divisor of 248 and l.
8
Let b be (7 - 2)*(-1 - 0). Let g be 8/b*(-22 + -8). Let t = 35 - 19. What is the highest common divisor of t and g?
16
Let b = 101 + -64. Let n = -8 + b. Suppose 4*v + 4*z = 52, -5*v = -2*v + 5*z - n. What is the highest common divisor of 198 and v?
18
Suppose -3*y - 38 = -2*b + 31, 0 = b - 4*y - 22. What is the highest common factor of b and 150?
6
Let v = -28 - -44. Suppose -v*a + 36 = -12*a. Calculate the highest common factor of 9 and a.
9
Let c(y) = y**3 + 21*y**2 + 50*y - 41. Let h be c(-18). What is the highest common factor of h and 279?
31
Let u(p) = -51*p - 9. Let l(d) = 10*d + 2. Let i(x) = 11*l(x) + 2*u(x). Let c be i(3). What is the highest common factor of c and 14?
14
Suppose 2*v = 3*v + 10. Let m = v + 20. Suppose 4*p - 159 = x, -5*p - 5*x = -161 - 44. What is the greatest common divisor of m and p?
10
Suppose 0 = 2*q - 5*f - 333, 2*q - f - 274 - 39 = 0. What is the highest common factor of 385 and q?
77
Let j be ((-9)/4)/((-6)/112). Suppose -13*a - 48 = -17*a. Let o be a*5*(-4)/(-40). What is the greatest common factor of j and o?
6
Suppose -19 = -0*m + 5*m + 3*z, 27 = -5*m + z. Let v be 4 + m + -1 + 38. What is the greatest common divisor of 9 and v?
9
Suppose s + 36 = l, 4*l + 118 = -4*s - 10. Let x = s + 94. Suppose 158 = p - 2*m, -6*m + m = p - 130. What is the highest common factor of x and p?
30
Let q be ((-56)/2)/(-7 - -5 - -1). Suppose -26 = q*h - 30*h. Calculate the greatest common factor of h and 26.
13
Suppose -2*m + 3*m = 3*h - 23, 5*m = -2*h + 38. Suppose -43*b = -39*b - 36. Calculate the highest common divisor of h and b.
9
Suppose 0*m - 2*m + 3*r = -1128, -4*r - 2260 = -4*m. What is the greatest common divisor of 21 and m?
21
Let x = -1241 + 1265. What is the greatest common factor of 21 and x?
3
Suppose -5*n = g - 3*g + 10, 0 = 3*n - 12. Suppose 0 = -10*o + 9*o + g. Let v(s) = -14*s + 4. Let j be v(-4). Calculate the highest common divisor of o and j.
15
Let v be (4*2/4)/(12/138). What is the greatest common divisor of v and 529?
23
Let a(y) = -y**3 - 4*y**2 + 2. Let u be a(-4). Let l be 2 - u/(-2)*15. Calculate the highest common divisor of 119 and l.
17
Suppose -3*f + 192 = -2*f. What is the greatest common factor of f and 12?
12
Let v be 22 - 0/((-1)/1). Let t(o) = -3*o**2 - 16*o + 38. Let s be t(-14). Let u be (-22)/(-121) - s/v. Calculate the highest common divisor of u and 10.
5
Let g(n) = -n**2 + 5*n + 6. Let t be g(5). Let u be 3/(18/150) - -2. What is the greatest common factor of t and u?
3
Let i = -13 - -18. Suppose 5*p + 3*l + l - 13 = 0, -i*p + 5*l + 40 = 0. Calculate the highest common divisor of 1 and p.
1
Suppose -5*t + 23 = 8, -23 = -4*w + 3*t. Let a = 3231 + -3223. What is the greatest common divisor of w and a?
8
Suppose -a - 3*d + 40 = 0, -4*a + 2*d + d + 205 = 0. Calculate the highest common divisor of a and 1.
1
Let x be 10 - (-2 - -11) - (-52 + 1). Calculate the highest common factor of x and 234.
26
Suppose -678 = -3*w - 0*w. Suppose -2*t - 3*z + 447 = 0, 0 = t + 4*z - 2*z - w. What is the greatest common divisor of t and 24?
24
Suppose 55*d = 58*d - 15. Suppose -v + 12 = d*v. Calculate the greatest common divisor of v and 8.
2
Suppose -491 + 71 = -15*f. What is the greatest common factor of 308 and f?
28
Let i(f) = -153*f - 235. Let h be i(-8). What is the highest common factor of h and 172?
43
Let k be -4 - -10 - (-6 - (1029 + 3)). Calculate the greatest common factor of 36 and k.
36
Suppose 5*t - 2*l + 98 = 0, 66 = -3*t + l + 2*l. Let h = t + 29. Suppose -h*g - 30 = -16*g. Calculate the greatest common divisor of g and 4.
2
Suppose 76*b - 78*b + 594 = 0. What is the highest common divisor of 396 and b?
99
Suppose -5*w + 106 = m - 3*m, 5*w = -2*m + 114. Suppose -23 = -l + w. What is the greatest common divisor of l and 30?
15
Let l be (195/6*2)/1. Let i(f) = f**2 - 5*f. Let t be i(5). Suppose t = -4*d + 9*d - l. What is the greatest common factor of 143 and d?
13
Let q be -8 - (-2 + -9 + 2). Suppose 5*z - 34 = 1. Calculate the highest common divisor of q and z.
1
Suppose 22*c - 31*c = -945. Calculate the greatest common divisor of 42 and c.
21
Let r be 1/(2/(-534)*3). Let k = r - -93. What is the highest common divisor of 16 and k?
4
Let m = -891 + 920. Calculate the highest common divisor of m and 841.
29
Let x = -6 - -5. Let k(v) = -10 - 5*v - 3 + 15. Let l be k(x). Calculate the greatest common factor of l and 14.
7
Let r(k) = -k**2 + 6*k - 3. Let b be r(5). Let l(m) = -m + 14. Let x be l(0). Calculate the highest common divisor of b and x.
2
Let t be (928/112)/((-2)/(-14)). Suppose 225 = -t*o + 61*o. Calculate the highest common factor of 15 and o.
15
Let v be 2/(-5) + 1387/5. Suppose 5*o - 2*h - v = -0*h, 105 = 2*o + 5*h. What is the highest common divisor of o and 11?
11
Suppose -c = 2*c - 15. Suppose 4*x = -12, -35 = -4*s + 34*x - 29*x. What is the greatest common divisor of c and s?
5
Suppose 0 = -2*k - 3*k, 0 = 4*w + 5*k - 48. Let f(r) = -6*r - 6*r + r**2 + 4*r - 2*r**2 - 3. Let b be f(-5). What is the highest common divisor of b and w?
12
Let w be 2/(-5) + 154/10. Let p(g) = g**3 - 10*g**2 + 3*g - 10. Let s be p(10). Calculate the highest common factor of w and s.
5
Let a be 2/(-2 + (5 - (2 - 1))). Let b = 30 - a. Let z(o) = -3*o**3 - 4*o**2 + 3*o + 1. Let f be z(-5). What is the highest common factor of b and f?
29
Suppose 0 = 9*v - 6*v - 249. Let c = v + -77. Calculate the greatest common divisor of c and 6.
6
Let n = 473 + -417. Calculate the greatest common divisor of 28 and n.
28
Suppose -983 = -9*f - 290. Let n = 7 - 0. Suppose n = s - 0*s. Calculate the highest common divisor of s and f.
7
Let n(i) = 25*i**2 - 15*i + 13. Let g be n(1). Calculate the greatest common divisor of g and 207.
23
Suppose 55*o - 934 = 386. Calculate the highest common divisor of o and 120.
24
Suppose -7*v + 283 + 74 = 0. Let y be (-4)/(-6)*v/2. What is the highest common factor of y and 17?
17
Suppose -5*w - 12 = -67. Let